 factor of 3 and i?
3
Suppose -h + 2*j + 4 = -11, 5*h = 2*j + 43. Let u be 15*3 - (h - 6). What is the greatest common factor of u and 11?
11
Let o be (-4)/18 + (8/(-36))/(-1). Suppose 4*d - 456 = -o*d. What is the greatest common factor of d and 6?
6
Suppose -12*x - 411 + 435 = 0. Calculate the greatest common divisor of x and 54.
2
Let q be 7/28 + 10/(-8). Let r be -1 + q + 2 + 3. Let k(n) = -n**3 + 3*n**2 + n - 1. Let c be k(r). Calculate the highest common divisor of c and 2.
2
Let k be ((-60)/(-9) + -3)*75. Let s(q) = -q**3 - 6*q**2 + 7. Let p be s(-6). Let u be 102/4 + p/(-14). What is the greatest common divisor of u and k?
25
Let f(d) = 9*d**3 + 2*d**2. Let y be f(2). Suppose -13*h = -18*h + y. Calculate the highest common divisor of h and 64.
16
Let r = -252 + 344. What is the greatest common divisor of 828 and r?
92
Suppose -x + 84 = 13*x. What is the highest common divisor of x and 13?
1
Suppose -5*u + 54 = -2*k, 2*k - 4*u = 30 - 88. Let c = k - -363. Suppose c = 6*q - 94. Calculate the highest common factor of q and 10.
10
Let u = 190 - 109. Let b(p) = -p**3 - 4*p**2 - p - 1. Let y be b(-4). Suppose y*n = -3*n + 54. Calculate the greatest common factor of u and n.
9
Let t(l) = -l**2 - 27*l - 101. Let a be t(-22). What is the greatest common divisor of 3087 and a?
9
Let i = -141 - -246. Let a(r) = r**3 + 19*r**2 + 25*r + 17. Let n be a(-18). Let x = n - -130. Calculate the highest common factor of x and i.
21
Let b(q) = -10*q**3 + 1. Let r be b(-1). Let n = 19 - r. Let v = 58 - 26. Calculate the greatest common divisor of n and v.
8
Let l = 50 - 29. What is the greatest common divisor of l and 56?
7
Let x be -1 + 2 - -14 - (8 - 12). Suppose -g - x + 45 = 0. What is the highest common factor of g and 2?
2
Let c = 854 - 692. Calculate the greatest common divisor of 2 and c.
2
Let n = -71 + 45. Let h be (n/5 + 4)*-60. What is the greatest common factor of h and 9?
9
Let p(g) = 2*g**2 + 22*g - 110. Let m be p(4). Let i(h) = -5*h. Let s be i(-5). Calculate the highest common divisor of m and s.
5
Suppose -4*j = -0*j + 40. Let t = j + 48. Calculate the greatest common factor of t and 95.
19
Suppose 0*w + 1080 = 6*w. Calculate the greatest common factor of 130 and w.
10
Let b(x) = 29*x + 7. Let p be b(-3). Let h = 203 + p. What is the highest common factor of 82 and h?
41
Let m(z) = -81*z + 6. Let c be m(0). What is the greatest common divisor of 384 and c?
6
Let n(g) = 13*g**2 - 34*g - 120. Let v be n(-11). What is the greatest common divisor of v and 29?
29
Let p be -6*1/(-18)*30. What is the greatest common factor of p and 14?
2
Suppose -24 + 8 = -l + 2*x, -124 = -5*l - x. What is the highest common divisor of 84 and l?
12
Let g(f) = 2*f**2 - 6*f + 17. Let a be g(2). Suppose 18 = 2*i - 8. What is the highest common divisor of i and a?
13
Suppose -825 = -3*d + 5*h, -10*d + 546 = -8*d - 2*h. Calculate the highest common factor of 585 and d.
45
Let j = -88 + 128. Calculate the highest common factor of 16 and j.
8
Suppose -h - 37 + 366 = 0. Let w be h/28*4/1. Suppose -2*g - 5*z = -w, -4 = 2*g - z - 33. What is the highest common factor of g and 24?
8
Suppose -2376 = -30*s + 21*s. Suppose -189 + 69 = -5*a. Calculate the greatest common divisor of a and s.
24
Let z be ((-2)/(-8))/(6/1292976*18). Calculate the highest common divisor of 41 and z.
41
Let v = 207 - 306. Let l = -83 - v. Calculate the highest common divisor of 16 and l.
16
Let w = 35 - 33. Suppose -w*y + 32 = 2*y. Let b(v) = 2*v**2 + v - 2. Let g be b(2). Calculate the greatest common divisor of g and y.
8
Let c(r) = -r**2 - 2*r + 50. Let i be c(6). Suppose -l - i*l = -48. What is the greatest common factor of 12 and l?
4
Let p(x) = 2*x + 42. Let d be p(-16). Suppose 9*h - 28 = -d. What is the highest common divisor of 38 and h?
2
Let d = 87 - -111. Let y = 4169 - 4147. Calculate the greatest common divisor of y and d.
22
Let p(q) = -89*q + 184. Let j be p(-4). What is the highest common factor of 20 and j?
20
Let r(l) = -41*l + 396. Let z be r(0). Calculate the greatest common divisor of z and 44.
44
Let t be -13*(2 - 1 - 4). Let x = t + -38. Calculate the greatest common divisor of x and 9.
1
Let d(b) = 7*b**2 - 20*b**2 + 14*b**2 - b - 6 - 18. Let r be d(6). Calculate the highest common divisor of r and 114.
6
Let y(j) = -j**3 - 14*j**2 + 6. Let k be y(-14). Suppose 0 + k = -3*d. Let x be d/(-3)*(44 + -14). Calculate the highest common factor of x and 5.
5
Suppose 3*o = -17*s + 15*s + 1504, 2*s - 1494 = 2*o. Calculate the greatest common factor of 7 and s.
7
Let l = 39 - 12. Suppose 13 = 4*o - l. Calculate the greatest common divisor of o and 10.
10
Suppose -2*k - t = -33, 0*t = -4*k + 4*t + 60. Let a = -17667 + 17731. Calculate the highest common factor of a and k.
16
Suppose 30*a = 8*a + 990. Let x be 84/2*(-6)/7. Let r be 8/x + 328/18. Calculate the highest common divisor of r and a.
9
Let a be -1 - ((10 - -2) + (-4 - -3)). Let x be 1/((30/(-105))/(a/7)). What is the highest common divisor of 42 and x?
6
Let m = -58 - -64. Let v be 18/4*(-12)/(-27). Calculate the highest common factor of v and m.
2
Suppose -2*j - 3*y + 68 = 0, -2*j - 2*y = -y - 76. Let o be 5 - 0 - (5 - 5). Calculate the greatest common factor of j and o.
5
Let o be 9/(-15)*630/(-7). Calculate the greatest common divisor of 18 and o.
18
Let w = -146 + 231. Let u = -57 + w. What is the greatest common factor of u and 112?
28
Let g be (-1)/((9/(-1))/3 - -2). Let o be (-3 + 35)*g + -2. Calculate the greatest common divisor of o and 15.
15
Let x(r) = 696*r**3 - r**2 + 4*r - 3. Let n be x(1). What is the greatest common factor of n and 87?
87
Suppose 3*v + 5*i - 31 = -0*i, 0 = -3*v + 5*i - 19. Let t = 25 - 15. What is the greatest common factor of t and v?
2
Suppose -13 = -7*a + 22. Calculate the greatest common factor of a and 445.
5
Suppose 26*t - 660 = 23*t. What is the greatest common divisor of 20 and t?
20
Let o = 30 + -19. Let s = 303 + -182. What is the highest common factor of o and s?
11
Let y = -779 - -803. What is the highest common divisor of 768 and y?
24
Suppose -3*n + 230 = 5*g, -5*n = -g + 4*g - 394. What is the greatest common factor of 176 and n?
16
Suppose 2*y - 7 = q, 3*q + 4 + 3 = -y. Let p = 52 + q. Let g = -35 + p. What is the highest common factor of g and 14?
14
Let t be 1512/(-96)*40/(-3). What is the highest common divisor of t and 150?
30
Let p(v) = 3*v**2 + 8*v - 10. Let y be p(2). Suppose o + o = 396. What is the highest common factor of y and o?
18
Let b be (114/(-15))/((-4624)/(-1160) + -4). What is the highest common factor of 58 and b?
29
Suppose -5*x = -48 - 87. What is the highest common divisor of x and 36?
9
Let l be 2230/5 - (-2)/(-1). Let w be l/9 - (-2)/(-6). Let v = 81 - w. What is the highest common divisor of 16 and v?
16
Let u(h) = -h**2 - 5*h + 8. Suppose 4 + 26 = -5*f. Let p be u(f). Suppose -p*c = 3*c - 200. What is the greatest common divisor of c and 60?
20
Let m(d) = -d**3 - 31*d**2 + 3*d + 168. Let c be m(-31). Calculate the greatest common divisor of c and 100.
25
Suppose -n + 5 = 4*c + 17, 0 = -2*c - 10. Calculate the highest common factor of n and 336.
8
Suppose -2 = -z + 23. What is the highest common factor of z and 75?
25
Let j be 3 - -1 - 28*1/(-1). Let f(a) = -a**2 + 4*a - 1. Let s be f(6). Let z = s + 29. Calculate the highest common divisor of j and z.
16
Let o(d) = 8*d**2 - 58*d + 62. Let y be o(8). What is the greatest common divisor of y and 594?
22
Suppose 2*r - 76 = -0*s + 2*s, 0 = -r + 4*s + 26. Calculate the greatest common divisor of r and 224.
14
Let l(y) = 4 + 15*y + 3 - 5*y - 11*y. Let b be l(-3). Let g = b - 2. What is the greatest common divisor of 4 and g?
4
Let j(t) = -3*t - 13. Let b be j(-7). Let y be (b/8)/((-2)/(-18)). Calculate the greatest common divisor of y and 63.
9
Let p(n) = n + 14. Let t(y) = 5. Let a(g) = 4*p(g) - 11*t(g). Let o be a(2). Calculate the greatest common factor of 9 and o.
9
Suppose -u - 27 = 2*u. Suppose g = 3*v + 16, -5*g + v + 108 - 42 = 0. Let n = g + u. What is the highest common factor of n and 28?
4
Let p be (6/4)/(114/17024). What is the highest common divisor of 616 and p?
56
Let j = 65 + -63. Suppose 3*q = -j*s + 57, s + 4*q - 108 = -3*s. What is the highest common factor of 3 and s?
3
Let z be (1